{"id":1632,"date":"2021-01-11T18:49:04","date_gmt":"2021-01-11T17:49:04","guid":{"rendered":"http:\/\/www.philippeguevel.fr\/?page_id=1632"},"modified":"2021-01-12T19:39:43","modified_gmt":"2021-01-12T18:39:43","slug":"mentions-legales","status":"publish","type":"page","link":"https:\/\/www.philippeguevel.fr\/index.php\/mentions-legales\/","title":{"rendered":"Mentions L\u00e9gales"},"content":{"rendered":"<div class=\"wpb-content-wrapper\"><p>[vc_row][vc_column css=\u00a0\u00bb.vc_custom_1574873637597{margin-top: 50px !important;margin-bottom: 50px !important;}\u00a0\u00bb][vc_tta_tour style=\u00a0\u00bbmodern\u00a0\u00bb shape=\u00a0\u00bbsquare\u00a0\u00bb color=\u00a0\u00bbblack\u00a0\u00bb active_section=\u00a0\u00bb1&Prime; no_fill_content_area=\u00a0\u00bbtrue\u00a0\u00bb][vc_tta_section i_icon_fontawesome=\u00a0\u00bbfar fa-address-card\u00a0\u00bb add_icon=\u00a0\u00bbtrue\u00a0\u00bb title=\u00a0\u00bbCOORDONN\u00c9ES\u00a0\u00bb tab_id=\u00a0\u00bb1610387474190-b501f912-fb20&Prime;][vc_column_text]Pour toute information ou conseil, vous pouvez me contacter :<\/p>\n<ul>\n<li>Accueil t\u00e9l\u00e9phonique au <strong>06 67 19 33 69\u00a0<\/strong>(Num\u00e9ro\u00a0non-surtax\u00e9) du lundi au vendredi de 09h00 \u00e0 18h00.<\/li>\n<li><strong>Par mail<\/strong> : <a href=\"mailto:contact@philippeguevel.fr\">contact@philippeguevel.fr<\/a><\/li>\n<li><strong>Via le formulaire de contact<\/strong>\u00a0: <a href=\"http:\/\/www.philippeguevel.fr\/index.php\/contact\/\">page contact<\/a><\/li>\n<\/ul>\n<p>[\/vc_column_text][\/vc_tta_section][vc_tta_section i_icon_fontawesome=\u00a0\u00bbfas fa-shield-alt\u00a0\u00bb add_icon=\u00a0\u00bbtrue\u00a0\u00bb title=\u00a0\u00bbINFORMATIONS L\u00c9GALES\u00a0\u00bb tab_id=\u00a0\u00bb1610387474259-b6c973fa-b2e6&Prime;][vc_column_text]<\/p>\n<ul>\n<li><strong>Le pr\u00e9sent site est \u00e9dit\u00e9 par<\/strong> : Philippe GUEVEL, immatricul\u00e9 au RCS de BREST sous le num\u00e9ro 422 493 775 00015, dont le si\u00e8ge social est situ\u00e9 Kersody &#8211; 29600 PLOURIN-L\u00c8S-MORLAIX.<\/li>\n<li><strong>Le directeur de la publication<\/strong> du site internet est Monsieur Philippe GUEVEL ;<\/li>\n<li><strong>L\u2019h\u00e9bergeur du site<\/strong> de Monsieur Philippe GUEVEL, sous le nom de domaine www..philippeguevel.fr, est la Soci\u00e9t\u00e9 OVH &#8211; SAS au capital de 10 069 020 \u20ac &#8211; RCS Lille M\u00e9tropole 424 761 419 00045 &#8211; Code APE 2620Z &#8211; N\u00b0 TVA : FR 22 424 761 419 &#8211; Si\u00e8ge social : 2 rue Kellermann &#8211; 59100 Roubaix &#8211; France<\/li>\n<\/ul>\n<ul>\n<li><strong>Pour toute information ou conseil<\/strong>, vous pouvez me contacter sur ma ligne au<strong> 06 67 19 33 69\u00a0<\/strong>(num\u00e9ro non-surtax\u00e9) du lundi au vendredi de 09h00 \u00e0 18h00.<\/li>\n<\/ul>\n<ul>\n<li>Vous pouvez nous\u00a0<strong>signaler tout contenu inadapt\u00e9<\/strong> ou ill\u00e9gal \u00e0 l\u2019adresse suivante : <a href=\"mailto:contact@philippeguevel.fr\">contact@philippeguevel.fr<\/a><\/li>\n<\/ul>\n<p>[\/vc_column_text][\/vc_tta_section][vc_tta_section i_icon_fontawesome=\u00a0\u00bbfas fa-route\u00a0\u00bb add_icon=\u00a0\u00bbtrue\u00a0\u00bb title=\u00a0\u00bbCONDITIONS D&rsquo;UTILISATION DU SITE\u00a0\u00bb tab_id=\u00a0\u00bb1610387803943-446e0fb5-0d92&Prime;][vc_column_text]<\/p>\n<ul>\n<li data-canvas-width=\"641.2584000000002\">L\u2019utilisateur reconna\u00eet avoir pris connaissance des pr\u00e9sentes Mentions L\u00e9gales et s\u2019engage \u00e0 les respecter.<\/li>\n<li data-canvas-width=\"641.2584000000002\">L\u2019utilisateur reconna\u00eet disposer de la comp\u00e9tence et des moyens n\u00e9cessaires pour acc\u00e9der et utiliser ce site.<\/li>\n<li data-canvas-width=\"641.2584000000002\">L\u2019utilisateur reconna\u00eet avoir v\u00e9rifi\u00e9 que la configuration informatique utilis\u00e9e ne contient aucun virus et qu\u2019elle est en parfait \u00e9tat de\u00a0 fonctionnement.<\/li>\n<li data-canvas-width=\"641.2584000000002\">M. Philippe GUEVEL met en \u0153uvre tout moyen pour offrir aux utilisateurs des informations de qualit\u00e9 ou des outils disponibles et v\u00e9rifi\u00e9s mais ne peut toutefois pas garantir de mani\u00e8re absolue l\u2019exactitude et l\u2019exhaustivit\u00e9 de l\u2019ensemble de ces informations. Ainsi, M. Philippe GUEVEL, soumis \u00e0 une obligation de moyen, ne saurait \u00eatre tenu pour responsable de tout pr\u00e9judice direct ou indirect du fait d\u2019une information mal utilis\u00e9e et\/ou qui se serait r\u00e9v\u00e9l\u00e9e inexacte ou incompl\u00e8te.<\/li>\n<li data-canvas-width=\"641.2584000000002\">M. Philippe GUEVEL ne pourra \u00eatre tenu pour responsable de tout dommage direct ou indirect r\u00e9sultant de l\u2019acc\u00e8s \u00e0 son site internet, ou au contraire de l\u2019impossibilit\u00e9 d\u2019y acc\u00e9der, d&rsquo;\u00e9ventuelles erreurs, d\u2019une absence de disponibilit\u00e9 des fonctionnalit\u00e9s ou de la pr\u00e9sence de virus sur son site.<\/li>\n<li data-canvas-width=\"641.2584000000002\">M. Philippe GUEVEL se r\u00e9serve le droit de supprimer, changer ou modifier ce site en tout temps et sans pr\u00e9avis.<\/li>\n<li data-canvas-width=\"641.2584000000002\">M. Philippe GUEVEL ne peut \u00eatre tenu responsable d&rsquo;aucun pr\u00e9judice, notamment de pr\u00e9judices r\u00e9sultant de la transmission de documents sur Internet.<\/li>\n<li data-canvas-width=\"641.2584000000002\">M. Philippe GUEVEL ne saurait \u00eatre tenu pour responsable du retard, de la perte ou de la mauvaise distribution d\u2019un courriel, ni de son envoi ou non \u00e0 une adresse \u00e9lectronique erron\u00e9e.<\/li>\n<li data-canvas-width=\"641.2584000000002\">M. Philippe GUEVEL se r\u00e9serve le droit de r\u00e9viser, supprimer, modifier, valider ou changer, int\u00e9gralement ou en partie, tout contenu envoy\u00e9 au site internet ou affich\u00e9 sur celui-ci.<\/li>\n<\/ul>\n<p>[\/vc_column_text][\/vc_tta_section][vc_tta_section i_icon_fontawesome=\u00a0\u00bbfas fa-user-shield\u00a0\u00bb add_icon=\u00a0\u00bbtrue\u00a0\u00bb title=\u00a0\u00bbDONN\u00c9ES PERSONNELLES\u00a0\u00bb tab_id=\u00a0\u00bb1610387840929-63300024-8861&Prime;][vc_column_text]<\/p>\n<div>\n<div>\n<p><strong>COLLECTE <\/strong>: Lors de vos visites sur le site internet www.philippeguevel.fr, M. Philippe GUEVEL peut \u00eatre amen\u00e9 \u00e0 vous demander certaines informations vous concernant afin d\u2019\u00eatre en mesure de vous identifier, de vous proposer des services personnalis\u00e9s ou encore afin d\u2019am\u00e9liorer le site internet et d\u2019\u00eatre \u00e0 votre \u00e9coute. Les donn\u00e9es nominatives ou non nominatives pourront vous \u00eatre demand\u00e9es. Certaines informations vous concernant devront \u00eatre obligatoirement communiqu\u00e9es pour que vous puissiez acc\u00e9der au service concern\u00e9. Les informations rev\u00eatant un caract\u00e8re obligatoire sont signal\u00e9es par un ast\u00e9risque.<\/p>\n<p><strong>UTILISATION <\/strong>: Les informations nominatives et indirectement nominatives recueillies sur le site internet www.philippeguevel.fr ne seront utilis\u00e9es qu\u2019\u00e0 des fins internes et ne seront divulgu\u00e9es en aucun cas \u00e0 des tiers.<\/p>\n<p><strong>TRANSMISSION <\/strong>: Les donn\u00e9es nominatives vous concernant recueillies sur le site internet www.philippeguevel.fr ne feront l\u2019objet de communications ext\u00e9rieures \u00e9ventuelles que pour satisfaire aux obligations l\u00e9gales et r\u00e9glementaires, ou \u00e0 la demande d\u2019une administration ou d\u2019une autorit\u00e9 judiciaire.<\/p>\n<\/div>\n<\/div>\n<p>[\/vc_column_text][\/vc_tta_section][vc_tta_section i_icon_fontawesome=\u00a0\u00bbfas fa-info\u00a0\u00bb add_icon=\u00a0\u00bbtrue\u00a0\u00bb title=\u00a0\u00bbINFORMATIQUE &amp; LIBERT\u00c9S\u00a0\u00bb tab_id=\u00a0\u00bb1610387867873-2398dc77-c47f\u00a0\u00bb][vc_column_text]<\/p>\n<ul>\n<li data-canvas-width=\"15.382399999999999\">En application de la loi n\u00b078 &#8211; 17 du 6 janvier 1978 modifi\u00e9e, relative \u00e0 l\u2019informatique, aux fichiers et aux libert\u00e9s, le site web a fait l\u2019objet d\u2019une d\u00e9claration aupr\u00e8s de la Commission Nationale de l\u2019Informatique et des libert\u00e9s (www.cnil.fr).<\/li>\n<li data-canvas-width=\"15.382399999999999\">L\u2019utilisateur est notamment inform\u00e9, conform\u00e9ment \u00e0 l\u2019article 32 de la loi Informatique et libert\u00e9s du 6 janvier 1978 modifi\u00e9e, que M. Philippe GUEVEL, en tant que responsable du traitement, met en \u0153uvre un traitement de donn\u00e9es \u00e0 caract\u00e8re personnel ayant pour principales finalit\u00e9s la gestion de l\u2019inscription de l\u2019utilisateur au site communautaire, l\u2019envoi de newsletters.<\/li>\n<li data-canvas-width=\"15.382399999999999\">Les champs identifi\u00e9s par un ast\u00e9risque sont obligatoires. En l\u2019absence de r\u00e9ponse ou si les informations fournies sont erron\u00e9es, M. Philippe GUEVEL ne pourra pas traiter votre demande.<\/li>\n<li data-canvas-width=\"15.382399999999999\">L\u2019utilisateur est inform\u00e9 qu\u2019il dispose d\u2019un droit d\u2019acc\u00e8s, d\u2019interrogation, et de rectification qui lui permet, le cas \u00e9ch\u00e9ant, de faire rectifier, compl\u00e9ter, mettre \u00e0 jour, verrouiller ou effacer les donn\u00e9es personnelles le concernant qui sont inexactes, incompl\u00e8tes, \u00e9quivoques, p\u00e9rim\u00e9es ou dont la collecte, l\u2019utilisation, la communication ou la conservation est interdite.<\/li>\n<li data-canvas-width=\"15.382399999999999\">L\u2019utilisateur dispose \u00e9galement d\u2019un droit d\u2019opposition au traitement de ses donn\u00e9es pour des motifs l\u00e9gitimes ainsi qu\u2019un droit d\u2019opposition \u00e0 ce que ces donn\u00e9es soient utilis\u00e9es \u00e0 des fins de prospection commerciale.<\/li>\n<li data-canvas-width=\"15.382399999999999\">L\u2019ensemble de ces droits s\u2019exerce aupr\u00e8s de M. Philippe GUEVEL par courrier postal accompagn\u00e9 d\u2019une copie d\u2019un titre d\u2019identit\u00e9 comportant une signature, \u00e0 l\u2019adresse suivante : M. Philippe GUEVEL &#8211; Kersody &#8211; 29600 PLOURIN-L\u00c8S-MORLAIX.<\/li>\n<\/ul>\n<p>[\/vc_column_text][\/vc_tta_section][vc_tta_section i_icon_fontawesome=\u00a0\u00bbfas fa-wifi\u00a0\u00bb add_icon=\u00a0\u00bbtrue\u00a0\u00bb title=\u00a0\u00bbCOOKIES &amp; T\u00c9MOINS DE CONNEXION\u00a0\u00bb tab_id=\u00a0\u00bb1610387890500-71163213-51a5&Prime;][vc_column_text]<\/p>\n<ul>\n<li data-canvas-width=\"453.1552000000001\">Lorsqu\u2019une personne visite le site www.philippeguevel.fr, M. Philippe GUEVEL\u00a0 installe des cookies ou t\u00e9moins de connexion sur le disque dur de l\u2019ordinateur de l\u2019internaute.<\/li>\n<li data-canvas-width=\"453.1552000000001\">Les cookies sont des donn\u00e9es utilis\u00e9es par un serveur web pour envoyer des informations d\u2019\u00e9tat au navigateur d\u2019un utilisateur, et pour ce\u00a0 navigateur de renvoyer des informations d\u2019\u00e9tat au serveur web d\u2019origine.<\/li>\n<li data-canvas-width=\"453.1552000000001\">Les informations d\u2019\u00e9tat peuvent \u00eatre par exemple un identifiant de session, une langue, une date d\u2019expiration, un domaine de r\u00e9ponse, etc.<\/li>\n<li data-canvas-width=\"453.1552000000001\">Ces informations d\u2019\u00e9tat peuvent \u00eatre stock\u00e9es par le navigateur de diverses mani\u00e8res (un fichier texte distinct par cookie, un fichier unique contenant l\u2019ensemble des cookies, possibilit\u00e9 de cryptage de ce fichier unique, etc.) ou ne pas \u00eatre stock\u00e9es du tout : cela d\u00e9pend du type de navigateur, de sa version, de sa configuration, etc.<\/li>\n<li data-canvas-width=\"453.1552000000001\">Certains de ces cookies ont pour finalit\u00e9 exclusive de permettre ou faciliter la communication par voie \u00e9lectronique. D\u2019autres sont strictement n\u00e9cessaires \u00e0 la fourniture d&rsquo;un service de communication en ligne.<\/li>\n<li data-canvas-width=\"453.1552000000001\">En tout \u00e9tat de cause, le param\u00e9trage du logiciel de navigation permet d\u2019informer de la pr\u00e9sence de cookies et \u00e9ventuellement de la refuser.<\/li>\n<li data-canvas-width=\"453.1552000000001\">La plupart des navigateurs sont param\u00e9tr\u00e9s par d\u00e9faut et acceptent l\u2019installation de Cookies. Cependant, vous avez la possibilit\u00e9, si vous le souhaitez, de d\u00e9sactiver l\u2019utilisation de cookies en s\u00e9lectionnant les param\u00e8tres appropri\u00e9s de votre navigateur. En fonction des navigateurs utilis\u00e9s la proc\u00e9dure peut \u00eatre diff\u00e9rente.<\/li>\n<li data-canvas-width=\"453.1552000000001\">G\u00e9n\u00e9ralement, ce param\u00e8tre se retrouve dans les onglets \u00abOutils\u00bb, \u00abParam\u00e8tres\u00bb.<\/li>\n<li data-canvas-width=\"453.1552000000001\">Il n\u2019est pas possible d\u2019assurer une information d\u00e9taill\u00e9e et \u00e0 jour de ces \u00e9l\u00e9ments de param\u00e9trage qui sont sous le seul contr\u00f4le exclusif et l\u2019autorit\u00e9 des \u00e9diteurs des logiciels de navigation.<\/li>\n<li data-canvas-width=\"453.1552000000001\">A titre de renseignements, les utilisateurs peuvent disposer d\u2019informations compl\u00e9mentaires :\n<ul>\n<li data-canvas-width=\"453.1552000000001\">de la part des \u00e9diteurs de leur logiciel de navigation sur leur site internet ;<\/li>\n<li data-canvas-width=\"453.1552000000001\">de mani\u00e8re plus g\u00e9n\u00e9rale sur le site de la Cnil \u00e0 l\u2019adresse\u00a0<a href=\"http:\/\/www.cnil.fr\" target=\"_blank\" rel=\"noopener noreferrer\">www.cnil.fr<\/a>\u00a0en utilisant le mot cl\u00e9 \u00abcookies\u00bb dans les moteurs de recherche.<\/li>\n<li data-canvas-width=\"453.1552000000001\">Avec internet explorer vous devez passer par \u00aboutils\u00bb, cliquez sur options internet, puis sur l\u2019onglet confidentialit\u00e9 et choisir param\u00e8tre de confidentialit\u00e9 \u00abavanc\u00e9\u00bb. Pour interdire les cookies, vous devez cocher \u00abignorer\u00bb la gestion automatique des cookies puis s\u00e9lectionner \u00abrefuser\u00bb, si vous voulez choisir au cas par cas d\u2019accepter ou de refuser, il convient de s\u00e9lectionner l\u2019option \u00abdemander\u00bb.<\/li>\n<li data-canvas-width=\"453.1552000000001\">Votre attention est attir\u00e9e sur le fait qu\u2019en param\u00e9trant votre navigateur pour refuser tous les cookies et autre t\u00e9moins de connexion n\u00e9cessaires \u00e0, certaines fonctionnalit\u00e9s, pages, espaces du site ne seront pas accessibles.<\/li>\n<\/ul>\n<\/li>\n<\/ul>\n<p>[\/vc_column_text][\/vc_tta_section][vc_tta_section i_icon_fontawesome=\u00a0\u00bbfas fa-link\u00a0\u00bb add_icon=\u00a0\u00bbtrue\u00a0\u00bb title=\u00a0\u00bbHYPERLIENS\u00a0\u00bb tab_id=\u00a0\u00bb1610387922173-8e799f1c-b0df\u00a0\u00bb][vc_column_text]<\/p>\n<ul>\n<li data-canvas-width=\"655.5735999999995\">Le site internet www.philippeguevel.fr peut donner acc\u00e8s \u00e0 des sites internet ext\u00e9rieurs de partenaires, par des liens hypertextes ou par l\u2019int\u00e9gration de contenus de partenaires dans le site internet www.philippeguevel.fr.<\/li>\n<li data-canvas-width=\"655.5735999999995\">Les liens hypertextes mis en place dans le cadre du site web en direction d\u2019autres ressources pr\u00e9sentes sur le r\u00e9seau Internet, et notamment vers ses partenaires, ont fait l\u2019objet d\u2019une autorisation pr\u00e9alable, \u00e9crite et expresse.<\/li>\n<li data-canvas-width=\"655.5735999999995\">Bien que le choix des liens vers des sites internet ext\u00e9rieurs ait fait l\u2019objet de soin et de vigilance, M. Philippe GUEVEL ne peut \u00eatre tenu pour responsable de la mise \u00e0 disposition de ces sites internet ext\u00e9rieurs.<\/li>\n<li data-canvas-width=\"655.5735999999995\">M. Philippe GUEVEL ne peut supporter une quelconque responsabilit\u00e9 quant au contenu, publicit\u00e9s, produits, services ou tout autre mat\u00e9riel provenant de ces sites internet ext\u00e9rieurs ou disponibles sur ou \u00e0 partir de ces sites internet ext\u00e9rieurs.<\/li>\n<li data-canvas-width=\"655.5735999999995\">M. Philippe GUEVEL ne saurait \u00eatre tenu pour responsable des agissements ou des \u00e9ventuelles omissions de ses partenaires. Nous vous invitons \u00e0 prendre connaissance le cas \u00e9ch\u00e9ant de la charte d\u2019accueil de ces sites internet lors de votre premi\u00e8re visite.<\/li>\n<li data-canvas-width=\"655.5735999999995\">L\u2019utilisateur ne peut pas mettre en place un lien hypertexte en direction de ce site sans l\u2019autorisation expresse et pr\u00e9alable de M. Philippe GUEVEL.<\/li>\n<li data-canvas-width=\"655.5735999999995\">En aucun cas, cette autorisation ne pourra \u00eatre qualifi\u00e9e de convention implicite d\u2019affiliation.<\/li>\n<li data-canvas-width=\"655.5735999999995\">En toute hypoth\u00e8se, les liens hypertextes renvoyant au site web devront \u00eatre retir\u00e9s \u00e0 la premi\u00e8re demande de M. Philippe GUEVEL.<\/li>\n<\/ul>\n<p>[\/vc_column_text][\/vc_tta_section][vc_tta_section i_icon_fontawesome=\u00a0\u00bbfas fa-lock\u00a0\u00bb add_icon=\u00a0\u00bbtrue\u00a0\u00bb title=\u00a0\u00bbPROTECTION DU CONTENU\u00a0\u00bb tab_id=\u00a0\u00bb1610387946391-a2eaf178-27ba\u00a0\u00bb][vc_column_text]<\/p>\n<ul>\n<li data-canvas-width=\"505.70559999999995\">Les informations d\u00e9livr\u00e9es sur le site internet www.philippeguevel.fr ne peuvent \u00eatre utilis\u00e9es qu\u2019\u00e0 des fins strictement personnelles. Toute utilisation effectu\u00e9e \u00e0 d\u2019autres fins est purement et simplement interdite.<\/li>\n<li data-canvas-width=\"505.70559999999995\">L\u2019int\u00e9gralit\u00e9 du contenu pr\u00e9sent ou rendu disponible \u00e0 travers le site www.philippeguevel.fr, tels que, les textes, les dessins, les graphiques, les images, les photos, les marques et logos, etc ; est la propri\u00e9t\u00e9 exclusive de M. Philippe GUEVEL, de ses affili\u00e9es, ou des tiers.<\/li>\n<li data-canvas-width=\"505.70559999999995\">Ce contenu est prot\u00e9g\u00e9 par le Code de la Propri\u00e9t\u00e9 Intellectuelle, des trait\u00e9s et des accords internationaux traitant des dispositions relatives \u00e0 la protection des droits d\u2019auteur. Nous attirons votre attention sur le fait que la violation des droits de propri\u00e9t\u00e9 intellectuelle est constitutive du d\u00e9lit de contrefa\u00e7on et sanctionn\u00e9e p\u00e9nalement.<\/li>\n<li data-canvas-width=\"505.70559999999995\">M. Philippe GUEVEL ne conc\u00e8de aucun droit sur le contenu et n&rsquo;autorise pas ses visiteurs \u00e0 copier et\/ou imprimer, sur quelque support que ce soit, le contenu de son site.<\/li>\n<li data-canvas-width=\"505.70559999999995\">Il est formellement interdit \u00e0 toute personne physique ou morale d\u2019extraire, de copier, reproduire, de modifier, de retranscrire et\/ou de r\u00e9utiliser, tout ou partie du contenu, sans l\u2019autorisation expresse et par \u00e9crit du titulaire des droits.<\/li>\n<li data-canvas-width=\"505.70559999999995\">De mani\u00e8re g\u00e9n\u00e9rale, M. Philippe GUEVEL ne saurait \u00eatre tenu pour responsable de tout dommage, direct ou indirect, r\u00e9sultant de l\u2019utilisation interdite des informations ou de tout autre \u00e9l\u00e9ment, d\u00e9livr\u00e9s sur le site internet www.philippeguevel.fr.<\/li>\n<\/ul>\n<p>[\/vc_column_text][\/vc_tta_section][vc_tta_section i_icon_fontawesome=\u00a0\u00bbfas fa-gavel\u00a0\u00bb add_icon=\u00a0\u00bbtrue\u00a0\u00bb title=\u00a0\u00bbLOI APPLICABLE\u00a0\u00bb tab_id=\u00a0\u00bb1610387992560-4225ea15-d534&Prime;][vc_column_text]<\/p>\n<ul>\n<li data-canvas-width=\"434.75519999999995\">La loi fran\u00e7aise est applicable tant pour les r\u00e8gles de forme que de fond.<\/li>\n<\/ul>\n<p>[\/vc_column_text][\/vc_tta_section][vc_tta_section i_icon_fontawesome=\u00a0\u00bbfas fa-paw\u00a0\u00bb add_icon=\u00a0\u00bbtrue\u00a0\u00bb title=\u00a0\u00bbCONCEPTION \/ REALISATION\u00a0\u00bb tab_id=\u00a0\u00bb1610389902934-421dad93-a864&Prime;][vc_single_image image=\u00a0\u00bb1214&Prime; img_size=\u00a0\u00bb200&#215;200&Prime;][vc_column_text]<strong>Logo<\/strong> : Mme Anne Le Roux<br \/>\n<strong>R\u00e9dactionnel<\/strong> : M. Philippe GUEVEL \/ Auteurs respectifs<br \/>\n<strong>Photos<\/strong> : M. Philippe GUEVEL \/ Auteurs respectifs<br \/>\n<strong>R\u00e9alisation<\/strong> du site internet :\u00a0<a href=\"mailto:anneleroux.com@gmail.com\">Com&rsquo;An<\/a> \u2013 \u00a9 2021[\/vc_column_text][\/vc_tta_section][\/vc_tta_tour][\/vc_column][\/vc_row]<\/p>\n<\/div>","protected":false},"excerpt":{"rendered":"<p>[vc_row][vc_column css=\u00a0\u00bb.vc_custom_1574873637597{margin-top: 50px !important;margin-bottom: 50px !important;}\u00a0\u00bb][vc_tta_tour style=\u00a0\u00bbmodern\u00a0\u00bb shape=\u00a0\u00bbsquare\u00a0\u00bb color=\u00a0\u00bbblack\u00a0\u00bb active_section=\u00a0\u00bb1&Prime; no_fill_content_area=\u00a0\u00bbtrue\u00a0\u00bb][vc_tta_section i_icon_fontawesome=\u00a0\u00bbfar fa-address-card\u00a0\u00bb add_icon=\u00a0\u00bbtrue\u00a0\u00bb title=\u00a0\u00bbCOORDONN\u00c9ES\u00a0\u00bb tab_id=\u00a0\u00bb1610387474190-b501f912-fb20&Prime;][vc_column_text]Pour toute information ou conseil, vous pouvez me contacter : Accueil t\u00e9l\u00e9phonique au 06 67 19 33 69\u00a0(Num\u00e9ro\u00a0non-surtax\u00e9) du lundi au vendredi de 09h00 \u00e0 18h00. Par mail : contact@philippeguevel.fr Via le formulaire de contact\u00a0: page contact [\/vc_column_text][\/vc_tta_section][vc_tta_section i_icon_fontawesome=\u00a0\u00bbfas fa-shield-alt\u00a0\u00bb [&hellip;]<\/p>\n","protected":false},"author":2,"featured_media":0,"parent":0,"menu_order":0,"comment_status":"closed","ping_status":"closed","template":"","meta":{"footnotes":""},"class_list":["post-1632","page","type-page","status-publish","hentry"],"_links":{"self":[{"href":"https:\/\/www.philippeguevel.fr\/index.php\/wp-json\/wp\/v2\/pages\/1632","targetHints":{"allow":["GET"]}}],"collection":[{"href":"https:\/\/www.philippeguevel.fr\/index.php\/wp-json\/wp\/v2\/pages"}],"about":[{"href":"https:\/\/www.philippeguevel.fr\/index.php\/wp-json\/wp\/v2\/types\/page"}],"author":[{"embeddable":true,"href":"https:\/\/www.philippeguevel.fr\/index.php\/wp-json\/wp\/v2\/users\/2"}],"replies":[{"embeddable":true,"href":"https:\/\/www.philippeguevel.fr\/index.php\/wp-json\/wp\/v2\/comments?post=1632"}],"version-history":[{"count":34,"href":"https:\/\/www.philippeguevel.fr\/index.php\/wp-json\/wp\/v2\/pages\/1632\/revisions"}],"predecessor-version":[{"id":1828,"href":"https:\/\/www.philippeguevel.fr\/index.php\/wp-json\/wp\/v2\/pages\/1632\/revisions\/1828"}],"wp:attachment":[{"href":"https:\/\/www.philippeguevel.fr\/index.php\/wp-json\/wp\/v2\/media?parent=1632"}],"curies":[{"name":"wp","href":"https:\/\/api.w.org\/{rel}","templated":true}]}}