{"id":1564,"date":"2020-12-17T22:08:45","date_gmt":"2020-12-17T21:08:45","guid":{"rendered":"http:\/\/www.philippeguevel.fr\/?page_id=1564"},"modified":"2021-01-14T19:42:11","modified_gmt":"2021-01-14T18:42:11","slug":"discographie","status":"publish","type":"page","link":"https:\/\/www.philippeguevel.fr\/index.php\/discographie\/","title":{"rendered":"Discographie"},"content":{"rendered":"<div class=\"wpb-content-wrapper\"><p>[vc_row full_width=\u00a0\u00bbstretch_row\u00a0\u00bb type=\u00a0\u00bbfull_width_section\u00a0\u00bb][vc_column]<div class=\"woocommerce columns-2 \"><ul class=\"products columns-2\">\n<li class=\"product type-product post-465 status-publish first instock product_cat-cd product_tag-albums product_tag-philippe-guevel has-post-thumbnail taxable shipping-taxable purchasable product-type-simple\">\n\t<a href=\"https:\/\/www.philippeguevel.fr\/index.php\/product\/une-histoire-des-beaux-jours\/\" class=\"woocommerce-LoopProduct-link woocommerce-loop-product__link\"><img loading=\"lazy\" decoding=\"async\" width=\"320\" height=\"320\" src=\"https:\/\/www.philippeguevel.fr\/wp-content\/uploads\/2020\/10\/une-histoire-des-beaux-jours-320x320.jpg\" class=\"attachment-woocommerce_thumbnail size-woocommerce_thumbnail\" alt=\"Une histoire des beaux jours\" srcset=\"https:\/\/www.philippeguevel.fr\/wp-content\/uploads\/2020\/10\/une-histoire-des-beaux-jours-320x320.jpg 320w, https:\/\/www.philippeguevel.fr\/wp-content\/uploads\/2020\/10\/une-histoire-des-beaux-jours-100x100.jpg 100w, https:\/\/www.philippeguevel.fr\/wp-content\/uploads\/2020\/10\/une-histoire-des-beaux-jours-150x150.jpg 150w, https:\/\/www.philippeguevel.fr\/wp-content\/uploads\/2020\/10\/une-histoire-des-beaux-jours-90x90.jpg 90w, https:\/\/www.philippeguevel.fr\/wp-content\/uploads\/2020\/10\/une-histoire-des-beaux-jours-360x360.jpg 360w\" sizes=\"auto, (max-width: 320px) 100vw, 320px\" \/><h2 class=\"woocommerce-loop-product__title\">Une histoire des beaux jours<\/h2>\n\t<span class=\"price\"><span class=\"woocommerce-Price-amount amount\"><bdi>15,00<span class=\"woocommerce-Price-currencySymbol\">&euro;<\/span><\/bdi><\/span> <small class=\"woocommerce-price-suffix\">TTC<\/small><\/span>\n<\/a><a href=\"\/index.php\/wp-json\/wp\/v2\/pages\/1564?add-to-cart=465\" aria-describedby=\"woocommerce_loop_add_to_cart_link_describedby_465\" data-quantity=\"1\" class=\"button product_type_simple add_to_cart_button ajax_add_to_cart\" data-product_id=\"465\" data-product_sku=\"CDHDBJ\" aria-label=\"Ajouter au panier\u00a0: &ldquo;Une histoire des beaux jours&rdquo;\" rel=\"nofollow\" data-success_message=\"\u00ab\u00a0Une histoire des beaux jours\u00a0\u00bb a \u00e9t\u00e9 ajout\u00e9 \u00e0 votre panier\" role=\"button\">Ajouter au panier<\/a>\t<span id=\"woocommerce_loop_add_to_cart_link_describedby_465\" class=\"screen-reader-text\">\n\t\t\t<\/span>\n<\/li>\n<li class=\"product type-product post-464 status-publish last instock product_cat-cd product_tag-albums product_tag-philippe-guevel has-post-thumbnail taxable shipping-taxable purchasable product-type-simple\">\n\t<a href=\"https:\/\/www.philippeguevel.fr\/index.php\/product\/type-of-lochalsh\/\" class=\"woocommerce-LoopProduct-link woocommerce-loop-product__link\"><img loading=\"lazy\" decoding=\"async\" width=\"320\" height=\"320\" src=\"https:\/\/www.philippeguevel.fr\/wp-content\/uploads\/0020\/10\/philippe-guevel-tyle-of-lochalsh-320x320.jpg\" class=\"attachment-woocommerce_thumbnail size-woocommerce_thumbnail\" alt=\"Type of Lochalsh\" srcset=\"https:\/\/www.philippeguevel.fr\/wp-content\/uploads\/0020\/10\/philippe-guevel-tyle-of-lochalsh-320x320.jpg 320w, https:\/\/www.philippeguevel.fr\/wp-content\/uploads\/0020\/10\/philippe-guevel-tyle-of-lochalsh-100x100.jpg 100w, https:\/\/www.philippeguevel.fr\/wp-content\/uploads\/0020\/10\/philippe-guevel-tyle-of-lochalsh-150x150.jpg 150w, https:\/\/www.philippeguevel.fr\/wp-content\/uploads\/0020\/10\/philippe-guevel-tyle-of-lochalsh-90x90.jpg 90w, https:\/\/www.philippeguevel.fr\/wp-content\/uploads\/0020\/10\/philippe-guevel-tyle-of-lochalsh-360x360.jpg 360w\" sizes=\"auto, (max-width: 320px) 100vw, 320px\" \/><h2 class=\"woocommerce-loop-product__title\">Type of Lochalsh<\/h2>\n\t<span class=\"price\"><span class=\"woocommerce-Price-amount amount\"><bdi>15,00<span class=\"woocommerce-Price-currencySymbol\">&euro;<\/span><\/bdi><\/span> <small class=\"woocommerce-price-suffix\">TTC<\/small><\/span>\n<\/a><a href=\"\/index.php\/wp-json\/wp\/v2\/pages\/1564?add-to-cart=464\" aria-describedby=\"woocommerce_loop_add_to_cart_link_describedby_464\" data-quantity=\"1\" class=\"button product_type_simple add_to_cart_button ajax_add_to_cart\" data-product_id=\"464\" data-product_sku=\"CDTOL\" aria-label=\"Ajouter au panier\u00a0: &ldquo;Type of Lochalsh&rdquo;\" rel=\"nofollow\" data-success_message=\"\u00ab\u00a0Type of Lochalsh\u00a0\u00bb a \u00e9t\u00e9 ajout\u00e9 \u00e0 votre panier\" role=\"button\">Ajouter au panier<\/a>\t<span id=\"woocommerce_loop_add_to_cart_link_describedby_464\" class=\"screen-reader-text\">\n\t\t\t<\/span>\n<\/li>\n<\/ul>\n<\/div>[\/vc_column][\/vc_row][vc_row full_width=\u00a0\u00bbstretch_row\u00a0\u00bb parallax=\u00a0\u00bbcontent-moving\u00a0\u00bb parallax_image=\u00a0\u00bb1284&Prime; overlay=\u00a0\u00bbblack\u00a0\u00bb type=\u00a0\u00bbsection\u00a0\u00bb anchor=\u00a0\u00bbreleases\u00a0\u00bb css=\u00a0\u00bb.vc_custom_1608243357504{margin-bottom: -100px !important;padding-top: 150px !important;padding-bottom: 150px !important;background-position: center;background-repeat: no-repeat !important;background-size: cover !important;}\u00a0\u00bb el_id=\u00a0\u00bbreleases\u00a0\u00bb][vc_column][vc_custom_heading text=\u00a0\u00bbMES COMPOS &amp; ARRANGEMENTS\u00a0\u00bb font_container=\u00a0\u00bbtag:h6|font_size:30px|text_align:center|color:%23ffffff|line_height:normal\u00a0\u00bb google_fonts=\u00a0\u00bbfont_family:Julius%20Sans%20One%3Aregular|font_style:400%20regular%3A400%3Anormal\u00a0\u00bb el_class=\u00a0\u00bbresponsive_heading\u00a0\u00bb][vc_empty_space height=\u00a0\u00bb30px\u00a0\u00bb][vc_custom_heading text=\u00a0\u00bbBONNE ECOUTE\u00a0\u00bb font_container=\u00a0\u00bbtag:h2|font_size:80px|text_align:center|color:%23ffffff|line_height:normal\u00a0\u00bb use_theme_fonts=\u00a0\u00bbyes\u00a0\u00bb css=\u00a0\u00bb.vc_custom_1606325428688{margin-top: -20px !important;}\u00a0\u00bb el_class=\u00a0\u00bbresponsive_heading\u00a0\u00bb][\/vc_column][\/vc_row]<\/p>\n<\/div>","protected":false},"excerpt":{"rendered":"<p>[vc_row full_width=\u00a0\u00bbstretch_row\u00a0\u00bb type=\u00a0\u00bbfull_width_section\u00a0\u00bb][vc_column][\/vc_column][\/vc_row][vc_row full_width=\u00a0\u00bbstretch_row\u00a0\u00bb parallax=\u00a0\u00bbcontent-moving\u00a0\u00bb parallax_image=\u00a0\u00bb1284&Prime; overlay=\u00a0\u00bbblack\u00a0\u00bb type=\u00a0\u00bbsection\u00a0\u00bb anchor=\u00a0\u00bbreleases\u00a0\u00bb css=\u00a0\u00bb.vc_custom_1608243357504{margin-bottom: -100px !important;padding-top: 150px !important;padding-bottom: 150px !important;background-position: center;background-repeat: no-repeat !important;background-size: cover !important;}\u00a0\u00bb el_id=\u00a0\u00bbreleases\u00a0\u00bb][vc_column][vc_custom_heading text=\u00a0\u00bbMES COMPOS &amp; ARRANGEMENTS\u00a0\u00bb font_container=\u00a0\u00bbtag:h6|font_size:30px|text_align:center|color:%23ffffff|line_height:normal\u00a0\u00bb google_fonts=\u00a0\u00bbfont_family:Julius%20Sans%20One%3Aregular|font_style:400%20regular%3A400%3Anormal\u00a0\u00bb el_class=\u00a0\u00bbresponsive_heading\u00a0\u00bb][vc_empty_space height=\u00a0\u00bb30px\u00a0\u00bb][vc_custom_heading text=\u00a0\u00bbBONNE ECOUTE\u00a0\u00bb font_container=\u00a0\u00bbtag:h2|font_size:80px|text_align:center|color:%23ffffff|line_height:normal\u00a0\u00bb use_theme_fonts=\u00a0\u00bbyes\u00a0\u00bb css=\u00a0\u00bb.vc_custom_1606325428688{margin-top: -20px !important;}\u00a0\u00bb el_class=\u00a0\u00bbresponsive_heading\u00a0\u00bb][\/vc_column][\/vc_row]<\/p>\n","protected":false},"author":2,"featured_media":0,"parent":0,"menu_order":0,"comment_status":"closed","ping_status":"closed","template":"","meta":{"footnotes":""},"class_list":["post-1564","page","type-page","status-publish","hentry"],"_links":{"self":[{"href":"https:\/\/www.philippeguevel.fr\/index.php\/wp-json\/wp\/v2\/pages\/1564","targetHints":{"allow":["GET"]}}],"collection":[{"href":"https:\/\/www.philippeguevel.fr\/index.php\/wp-json\/wp\/v2\/pages"}],"about":[{"href":"https:\/\/www.philippeguevel.fr\/index.php\/wp-json\/wp\/v2\/types\/page"}],"author":[{"embeddable":true,"href":"https:\/\/www.philippeguevel.fr\/index.php\/wp-json\/wp\/v2\/users\/2"}],"replies":[{"embeddable":true,"href":"https:\/\/www.philippeguevel.fr\/index.php\/wp-json\/wp\/v2\/comments?post=1564"}],"version-history":[{"count":7,"href":"https:\/\/www.philippeguevel.fr\/index.php\/wp-json\/wp\/v2\/pages\/1564\/revisions"}],"predecessor-version":[{"id":1579,"href":"https:\/\/www.philippeguevel.fr\/index.php\/wp-json\/wp\/v2\/pages\/1564\/revisions\/1579"}],"wp:attachment":[{"href":"https:\/\/www.philippeguevel.fr\/index.php\/wp-json\/wp\/v2\/media?parent=1564"}],"curies":[{"name":"wp","href":"https:\/\/api.w.org\/{rel}","templated":true}]}}